{"id":123,"date":"2018-01-24T11:36:58","date_gmt":"2018-01-24T11:36:58","guid":{"rendered":"https:\/\/fermi-sces2025.grenoble.cnrs.fr\/?page_id=123"},"modified":"2025-02-17T12:07:16","modified_gmt":"2025-02-17T12:07:16","slug":"sit-2014","status":"publish","type":"page","link":"https:\/\/fermi-sces2025.grenoble.cnrs.fr\/index.php\/sit-2014\/","title":{"rendered":"Contact and Committees"},"content":{"rendered":"<p>For more information, please contact us:<br \/><a href=\"mailto:alyssa.arnoux@neel.cnrs.fr\">alyssa.arnoux@neel.cnrs.fr<\/a><\/p>\n<p>Organizers:<\/p>\n<p><strong>Organizing committee<\/strong><\/p>\n\n\n<figure class=\"wp-block-table\"><table><tbody><tr><td>S\u00e9bastien Burdin<\/td><td>LOMA, Universit\u00e9 de Bordeaux, France<\/td><\/tr><tr><td>Elena Hassinger<\/td><td>Technische Universit\u00e4t Dresden, Germany<\/td><\/tr><tr><td>Marie-Aude M\u00e9asson<\/td><td>Institut N\u00e9el, Universit\u00e9 Grenoble Alpes, CNRS, Grenoble, France<\/td><\/tr><tr><td>Pierre Rodi\u00e8re<\/td><td>Institut N\u00e9el, Universit\u00e9 Grenoble Alpes, CNRS, Grenoble, France<\/td><\/tr><tr><td>Jochen Wosnitza<\/td><td>Helmholz-Zentrum Dresden-Rossendorf, Germany<\/td><\/tr><tr><td>Gertrud Zwicknagl<\/td><td>TU Braunschweig, Braunschweig, Germany<\/td><\/tr><\/tbody><\/table><\/figure>\n\n\n\n<p>The organizing committee is helped by Alyssa ARNOUX (Institut N\u00e9el)<\/p>\n\n\n\n<p><\/p>\n","protected":false},"excerpt":{"rendered":"<p>For more information, please contact us:alyssa.arnoux@neel.cnrs.fr Organizers: Organizing committee S\u00e9bastien Burdin LOMA, Universit\u00e9 de Bordeaux, France Elena Hassinger Technische Universit\u00e4t Dresden, Germany Marie-Aude M\u00e9asson Institut N\u00e9el, Universit\u00e9 Grenoble Alpes, CNRS, Grenoble, France Pierre Rodi\u00e8re Institut N\u00e9el, Universit\u00e9 Grenoble Alpes, CNRS, &hellip; <a href=\"https:\/\/fermi-sces2025.grenoble.cnrs.fr\/index.php\/sit-2014\/\">Continuer la lecture <span class=\"meta-nav\">&rarr;<\/span><\/a><\/p>\n","protected":false},"author":4,"featured_media":0,"parent":0,"menu_order":0,"comment_status":"closed","ping_status":"closed","template":"","meta":{"footnotes":""},"class_list":["post-123","page","type-page","status-publish","hentry"],"_links":{"self":[{"href":"https:\/\/fermi-sces2025.grenoble.cnrs.fr\/index.php\/wp-json\/wp\/v2\/pages\/123","targetHints":{"allow":["GET"]}}],"collection":[{"href":"https:\/\/fermi-sces2025.grenoble.cnrs.fr\/index.php\/wp-json\/wp\/v2\/pages"}],"about":[{"href":"https:\/\/fermi-sces2025.grenoble.cnrs.fr\/index.php\/wp-json\/wp\/v2\/types\/page"}],"author":[{"embeddable":true,"href":"https:\/\/fermi-sces2025.grenoble.cnrs.fr\/index.php\/wp-json\/wp\/v2\/users\/4"}],"replies":[{"embeddable":true,"href":"https:\/\/fermi-sces2025.grenoble.cnrs.fr\/index.php\/wp-json\/wp\/v2\/comments?post=123"}],"version-history":[{"count":18,"href":"https:\/\/fermi-sces2025.grenoble.cnrs.fr\/index.php\/wp-json\/wp\/v2\/pages\/123\/revisions"}],"predecessor-version":[{"id":711,"href":"https:\/\/fermi-sces2025.grenoble.cnrs.fr\/index.php\/wp-json\/wp\/v2\/pages\/123\/revisions\/711"}],"wp:attachment":[{"href":"https:\/\/fermi-sces2025.grenoble.cnrs.fr\/index.php\/wp-json\/wp\/v2\/media?parent=123"}],"curies":[{"name":"wp","href":"https:\/\/api.w.org\/{rel}","templated":true}]}}